se j - 625 = 3*b, b + b = 2*j - 1242. Suppose s - 603 = -t, j = t + 2*s + 3*s. Is t a composite number?
False
Is (-2)/1 - -37*(-198)/(-6) a composite number?
True
Let x(w) be the second derivative of -5/6*w**3 + 4*w - 1/4*w**5 + 0*w**4 - 3/2*w**2 + 0. Is x(-4) a prime number?
True
Let w be 2/(-9) - 20/(-9). Suppose w*f - 9 = -5. Suppose f*v - 96 = 146. Is v a prime number?
False
Suppose -123*q + 119*q + 39916 = 0. Is q a composite number?
True
Suppose 3*p = p - 16. Let i(s) = 7*s**2 - 11*s + 5. Is i(p) a prime number?
True
Let g(v) = 277 - 308 - 7*v**2 - v + 1740 + 10*v**2. Is g(0) prime?
True
Suppose 215*m - 1970626 = 201*m. Is m composite?
False
Suppose 2*g = -3*g - s + 20367, 0 = -3*g - 3*s + 12225. Is g prime?
True
Suppose -5*n - 2 = -7*n. Let d be (1 - -14)/3 - n. Suppose -60 = d*p - 416. Is p a composite number?
False
Let s(p) = -146*p - 70. Let f be s(-4). Let j = -4 - -3. Is (f/4)/(j/(-4)) a composite number?
True
Let r(d) = -2*d - 10. Let i be r(-7). Suppose 22 = -3*y - 4*o, -5*y - i*o = -0*y + 26. Let w(k) = 84*k**2 + 1. Is w(y) composite?
False
Suppose -o + 2*k + 8007 = 0, -4*o - 2*o + k = -48075. Is o prime?
False
Suppose 513*u = 508*u + 90175. Is u composite?
True
Suppose 5*g - 3*d = 2655, g - 4*d + 0*d - 548 = 0. Let k = 271 + g. Is k prime?
False
Suppose 3*i - 2*i - 6 = 0. Suppose i*w - 655 = w. Is w + 4/3*-3 a prime number?
True
Let t(d) = -460*d - 349. Is t(-6) composite?
False
Let v be (1 + -11)/((-2)/1). Suppose -4*m - 2*t + 1172 + 46 = 0, -v*t = -2*m + 639. Is m prime?
True
Suppose 2*t + 3 = 5. Let d be (t - 11)*8/(-20). Suppose d*s - 619 = 225. Is s a composite number?
False
Let v be (-4)/12 - ((-912)/9 - 2). Let n = 1388 - v. Is n a composite number?
True
Let m(d) = -25*d**2 - 6*d + 5. Let w be m(3). Is 5221/17 + 28/w a prime number?
True
Suppose 8*l - 5330 - 17502 = 0. Is l a composite number?
True
Let s(o) = -27*o**3 - 3*o**2 - 2*o - 7. Suppose -3*x = 2*g - 0 - 5, g + 4*x = 5. Let j be g/(8/(-6))*4. Is s(j) prime?
True
Suppose 3*z + v = 482, 0 = -5*z - v + 734 + 68. Let m = -57 + z. Is m composite?
False
Let n = -1057 - -1854. Suppose 0 = 6*f - n - 4249. Is f a composite number?
True
Let v(g) = 2573*g + 37. Is v(8) a composite number?
True
Let j(u) = -u**2 - 3*u + 10. Let b be j(5). Let s(h) = 22*h. Let m be s(2). Let i = b + m. Is i a composite number?
True
Let s = 31 - 29. Is s - -53*(9 + 0) prime?
True
Suppose -2*q + p = 2*q + 5, -2*q = -p + 3. Is 9 - 6 - ((-1464 - q) + 1) composite?
True
Let t be 2/(-2)*(-4135 - -5)/5. Suppose 0 = -d - d + t. Is d a prime number?
False
Let d(p) = -14*p**3 + 7*p**2 + 40*p + 26. Is d(-12) prime?
False
Suppose -4*u - 115 = 233. Suppose 5*q + 2*l - 1047 = 0, 638 = 3*q + 3*l + 8. Let g = q + u. Is g composite?
True
Suppose -5*f = -5*v + 3390 + 5990, -f = -4*v + 7495. Let x = 3350 - v. Is x composite?
True
Let p = -33 + 43. Is (670 - 1) + p/(-5) a composite number?
True
Let q be 87 + -1 + (-6)/3. Suppose 0 = -z - 5*m + q, 0 = -2*z + m + 2*m + 233. Is z a prime number?
True
Suppose 10*o - 8 = 8*o. Suppose -x + 3*d - 515 = -1328, -818 = -x + o*d. Suppose -5*r - 3*k + x = -2*k, 5*r - 5*k - 780 = 0. Is r prime?
False
Let c = -68 - -62. Is (2 - (-9)/c)/((-3)/(-222)) a composite number?
False
Suppose -4*o + 2*o = 0. Suppose o = -2*f + 66 + 52. Is f a composite number?
False
Let r(a) = a**2 - 6*a + 10. Let f be r(5). Suppose 0 = 3*x - 9, -f*j = -x - 4*x - 1160. Is j a composite number?
True
Let x be ((-95)/30)/19 + 100838/12. Let b = x - 4664. Is b a prime number?
True
Is -21806*(5 + 22/(-4)) a composite number?
False
Suppose 0 = 5*f + 5*y - 6 - 34, -5*y = -20. Suppose 0*u - u = 3*d - 12, 24 = f*u + 4*d. Suppose -3*n + 4*l = -21, u*n = 2*l - l + 12. Is n composite?
False
Let u = 34 + -45. Let s(b) = 5*b**2 - 8*b - 20. Is s(u) prime?
True
Suppose 5*l + 0*l - 12 = u, 3*l = -3*u. Suppose 0 = -l*x + 208 + 294. Is x prime?
True
Suppose j = 52*h - 48*h + 11047, -3*j + h + 33086 = 0. Is j composite?
False
Let z(a) = 3*a + 6. Let n be z(-3). Let d(h) = -37*h**2 + 5*h - 1. Let m(w) = -73*w**2 + 10*w - 1. Let v(x) = 5*d(x) - 3*m(x). Is v(n) a composite number?
True
Let c = -48378 + 73141. Is c a prime number?
True
Let x(v) = 849*v + 6. Let a be x(1). Suppose -2*j + j = -4*s + 3405, 0 = s - 4*j - a. Is s a composite number?
True
Suppose 0 = -2*y - 2, 4*v - 3*y + y - 20754 = 0. Suppose -i + 5*k - v = -17156, -47853 = -4*i + k. Is i a composite number?
True
Let h = -61 + 64. Suppose -4*b - 1895 = -5*c, -h*c - 3*b + 495 = -642. Is c prime?
True
Suppose -n = -3*n + 2226. Suppose -142 = -5*x + n. Is x a composite number?
False
Let h = -10 - -8. Let q(w) = -27*w - 3. Is q(h) a prime number?
False
Let k be 5/(-15) - 5/(-15). Let r(d) = 5*d**2 - 4*d + 2. Let h be r(3). Suppose 5*j - h = -k*j. Is j a prime number?
True
Suppose -4*s - s - q = 12, -16 = 4*s + 4*q. Let a = s - -496. Suppose -1069 = -3*u + a. Is u a composite number?
False
Let f(x) = -138*x + 7. Is f(-22) composite?
True
Let q(t) = -18*t**3 - t**2 - 7*t + 7. Is q(-4) a prime number?
True
Suppose -10*b + 93991 = -38389. Is b prime?
False
Let c(y) = -4*y**3 - 5*y**2 + 2*y - 3. Let v(d) be the first derivative of -d**4/4 + 13*d**3/3 + d**2/2 - 19*d + 12. Let f be v(13). Is c(f) prime?
False
Suppose 6*t = 2*t + 261540. Suppose -18*x + 4617 = -t. Is x a composite number?
False
Let g(r) = 164*r + 7. Let q be g(4). Suppose -2*t - 2 = 0, 0 = 5*x + 2*t - 680 - q. Is x a prime number?
True
Let j(k) = -k**3 - 11*k**2 + 1. Let v be j(-11). Is v/4 + (-8289)/(-12) composite?
False
Let j = 136 + -236. Let w = -435 + 666. Let z = j + w. Is z composite?
False
Suppose 1541 = 4*a - 10167. Is a a composite number?
False
Let c be (-10)/(-3) + (-5 - (-55)/15). Is (c + -1)/(4/6284) a composite number?
False
Suppose 5*s = -4*m + 19397, 11*m - 12*m + 4838 = -s. Is m composite?
True
Is 0 + ((-24)/(-108) - 45691/(-9)) prime?
True
Let l be ((-10)/8)/((-7)/1148). Suppose -l = -5*s + 10. Is s a prime number?
True
Let x(s) = 257*s**2 - 21*s + 110. Is x(9) composite?
True
Let g(u) = u**2 + 11*u + 10. Let r be g(-10). Suppose h - 6*h + 3975 = r. Suppose -5*m + 0*m + h = 0. Is m composite?
True
Let y(k) be the first derivative of 5*k**3/3 - 9*k**2/2 + 23*k - 3. Is y(7) a prime number?
False
Suppose 31*w - 32*w + 20337 = 0. Is w a composite number?
True
Suppose -3*h - 3 + 9 = 0. Suppose h*g + q = -2*g + 156, -2*q = -g + 39. Is g prime?
False
Suppose 8*p = 4*p + 16. Suppose -2*s + s + 2*h - 1 = 0, -2*h + p = 0. Suppose 0 = -s*m - 0*m + 222. Is m composite?
True
Is (1 - 5)*(-212545)/20 a composite number?
False
Let b be (10/(-2) + -3)/(-2). Suppose -3*g + 4*f + 28 = 0, -b*g + 3*f = 8*f + 4. Suppose -g*d + 0*d = -1292. Is d composite?
True
Let k = 30 + -38. Is (2*(-397)/k)/(3/12) a prime number?
True
Let u(s) = -s**3 + 25*s**2 - 26*s - 11. Let n(t) = t**2 - 11*t - 1. Let v be n(12). Is u(v) a prime number?
False
Suppose -2*b + 1273 + 305 = 0. Suppose b = -29*r + 30*r. Is r a prime number?
False
Suppose 0 = 37*b - 83907 - 198736. Is b a prime number?
True
Let i = 13 + -11. Suppose i + 10 = 2*n. Is (n - 7)/(1/(-213)) a prime number?
False
Let u(q) = 17*q**2 - 6*q + 3. Suppose -2*y - 2*k + 3*k + 9 = 0, -5*y + 5*k + 25 = 0. Is u(y) a composite number?
False
Suppose -a - 34*o + 19228 = -31*o, 0 = -5*a - 2*o + 96153. Is a prime?
True
Let j = -5 + 11. Suppose j*q = 10*q - 864. Suppose q = u - 293. Is u composite?
False
Let z(k) = 68*k + 9. Let l be z(9). Let r = 1738 - l. Is r prime?
True
Suppose 3*i + 5*u = 3*u, -5*i - 2*u = 0. Suppose -b - 3*k + 756 = i, b + 4*k = 3*b - 1472. Suppose -3*g = -2*g - 5*h - 211, 4*g - b = -5*h. Is g prime?
True
Suppose 31 - 34 = o, -o + 476028 = 3*k. Is k prime?
False
Suppose 6292 = 5*g + 3*b, 4*g - 3*b + 1736 = 6775. Is g composite?
False
Let z be (2 + 2)/(-2 + -1)*-21. Suppose -z = -w + 31. Is w a prime number?
True
Let f be (-1)/(-7) + (-664)/(-56). Suppose -5*m + 5*s = -45, -5*m - f = -3*m + 4*s. Suppose 5*t = m*j + 545, 0 = -0*t + 3*t - 2*j - 329. Is t a prime number?
True
Let q = 407 - -500. Is q a composite number?
False
Let v(g) = g**3 + 6*g**2 - 10*g - 11. Let h be v(-7). Suppose 0 = -2*l - h, q = 2*l + 3*l + 1772. Is q a prime number?
True
Is (-355380)/144*-4 + (-2)/3 a prime number?
True
Let j(q) = 8*q**2 + 19*q + 142. Is j(-15) a composite number?
